{"id":44,"date":"2012-01-13T14:24:42","date_gmt":"2012-01-13T14:24:42","guid":{"rendered":"http:\/\/thenordiccountries.com\/es\/?page_id=44"},"modified":"2012-03-23T14:09:33","modified_gmt":"2012-03-23T14:09:33","slug":"islas-feroe","status":"publish","type":"page","link":"http:\/\/thenordiccountries.com\/es\/islas-feroe\/","title":{"rendered":"ISLAS FEROE"},"content":{"rendered":"<p style=\"text-align: center;\"><a href=\"http:\/\/thenordiccountries.com\/wp-content\/uploads\/2011\/12\/TheNordicCountries.com-Faroe-Islands-Islas-Feroe-\u00celes-F\u00e9ro\u00e9-.jpg\">[ad]<img loading=\"lazy\" decoding=\"async\" class=\"aligncenter\" title=\"TheNordicCountries.com Faroe Islands, Islas Feroe, \u00celes F\u00e9ro\u00e9\" src=\"http:\/\/thenordiccountries.com\/wp-content\/uploads\/2011\/12\/TheNordicCountries.com-Faroe-Islands-Islas-Feroe-\u00celes-F\u00e9ro\u00e9-.jpg\" alt=\"\" width=\"560\" height=\"373\" \/><\/a><\/p>\n<ul>\n<ul>\n<li><span style=\"text-decoration: underline; color: #0000ff;\"><span style=\"text-decoration: underline;\"><strong><a title=\"Viajar  a las Islas Feroe\" href=\"http:\/\/thenordiccountries.com\/es\/viajar-a-las-islas-feroe\/\" target=\"_blank\"><span style=\"color: #0000ff; text-decoration: underline;\">Viajar a las Islas Feroe<\/span><\/a><\/strong><\/span><\/span><\/li>\n<li><span style=\"text-decoration: underline;\"><span style=\"color: #0000ff; text-decoration: underline;\"><strong><a title=\"Estudiar en las Islas Feroe\" href=\"http:\/\/thenordiccountries.com\/es\/estudiar-en-las-islas-feroe\/\" target=\"_blank\"><span style=\"color: #0000ff; text-decoration: underline;\">Estudiar en <\/span><\/a><\/strong><span style=\"text-decoration: underline;\"><strong><strong><a title=\"Estudiar en las Islas Feroe\" href=\"http:\/\/thenordiccountries.com\/es\/estudiar-en-las-islas-feroe\/\" target=\"_blank\"><span style=\"color: #0000ff; text-decoration: underline;\">las Islas Feroe<\/span><\/a><\/strong><\/strong><\/span><\/span><span style=\"color: #0000ff; text-decoration: underline;\"><strong><br \/>\n<\/strong><\/span><\/span><\/li>\n<li><span style=\"text-decoration: underline;\"><span style=\"color: #0000ff; text-decoration: underline;\"><strong>Perfil del Pa\u00eds<\/strong><\/span><\/span><\/li>\n<li><span style=\"text-decoration: underline;\"><span style=\"color: #0000ff; text-decoration: underline;\"><strong>Cultura de\u00a0<strong>las Islas Feroe<\/strong><br \/>\n<\/strong><\/span><\/span><\/li>\n<li><span style=\"text-decoration: underline;\"><span style=\"color: #0000ff; text-decoration: underline;\"><strong>Arte Fero\u00e9s<\/strong><\/span><\/span><\/li>\n<li><span style=\"text-decoration: underline;\"><span style=\"color: #0000ff; text-decoration: underline;\"><strong>Historia de <strong>las Islas Feroe<\/strong><br \/>\n<\/strong><\/span><\/span><\/li>\n<li><span style=\"text-decoration: underline;\"><span style=\"color: #0000ff; text-decoration: underline;\"><strong>Gastronom\u00eda en <strong>las Islas Feroe<\/strong><br \/>\n<\/strong><\/span><\/span><\/li>\n<li><span style=\"text-decoration: underline;\"><span style=\"color: #0000ff; text-decoration: underline;\"><strong>Vivir en <strong>las Islas Feroe<\/strong><\/strong><\/span><\/span><\/li>\n<\/ul>\n<\/ul>\n<p><strong>Las Islas Feroe<\/strong> componen un archip\u00edelago situado entre el Oceano Atl\u00e1ntico Norte y el Mar de Noruega, aproximadamente a la misma distancia de Islandia por el norte como de Escocia por el Sur. Este grupo de\u00a0peque\u00f1as islas\u00a0es una regi\u00f3n aut\u00f3noma\u00a0del Reino\u00a0de Dinamarca con el derecho de auto-gobierno\u00a0en todo los asuntos, salvo en la defensa militar, la justicia, la polic\u00eda, la pol\u00edtica exterior\u00a0y la moneda.<\/p>\n<p style=\"text-align: justify;\">Las Islas Feroe\u00a0consisten en 18 islas\u00a0diferentes en un \u00e1rea que\u00a0cubre en total unos 1400km2\u00a0y es una comunidad\u00a0relativamente peque\u00f1a en cuanto a su poblaci\u00f3n; tiene alrededor de 48.500\u00a0de\u00a0habitantes.\u00a0Las islas<br \/>\n<a href=\"http:\/\/thenordiccountries.com\/wp-content\/uploads\/2011\/12\/TheNordicCountries.com-Faroe-Islands-Islas-Feroe-\u00celes-F\u00e9ro\u00e9-mapa.png\"><img loading=\"lazy\" decoding=\"async\" class=\"alignright\" title=\"TheNordicCountries.com Faroe Islands, Islas Feroe, \u00celes F\u00e9ro\u00e9 mapa\" src=\"http:\/\/thenordiccountries.com\/wp-content\/uploads\/2011\/12\/TheNordicCountries.com-Faroe-Islands-Islas-Feroe-\u00celes-F\u00e9ro\u00e9-mapa-300x233.png\" alt=\"\" width=\"300\" height=\"233\" \/><\/a> fueron\u00a0habitadas\u00a0por primera vez en el siglo VI por algunos\u00a0ermita\u00f1os\u00a0y monjes\u00a0ga\u00e9licos\u00a0en una misi\u00f3n\u00a0Hiberno-escocesa, estableci\u00e9ndose el antiguo idioma irland\u00e9s como la lengua principal de las islas.\u00a0Entorno al a\u00f1o 850\u00a0los &#8216;norsemen&#8217; (los normandos del norte) encontraron las islas\u00a0y se establecieron en ellas trayendo consigo su\u00a0antiguo\u00a0idioma\u00a0escandinavo, que se desarrollar\u00eda\u00a0en el lenguaje Fero\u00e9s de hoy. El idioma Fero\u00e9s tiene, por lo tanto, el\u00a0mismo\u00a0origen\u00a0escandinavo- germ\u00e1nico\u00a0como el\u00a0sueco, noruego y el dan\u00e9s.<\/p>\n<p style=\"text-align: justify;\">[ad]<\/p>\n<p style=\"text-align: justify;\">Se dice que los Feroeses son\u00a0gente tranquila\u00a0y\u00a0amable, y que\u00a0reciben\u00a0sus visitantes\u00a0con gran generosidad. La mayor\u00eda de ellos se ganan la vida con la pesca, que es la principal actividad\u00a0industrial\u00a0de las\u00a0Islas Feroe, dominando casi\u00a0un 97% de\u00a0la exportaci\u00f3n. Los Feroeses son tambi\u00e9n h\u00e1biles manufactureros y mantienen una\u00a0peque\u00f1a\u00a0industria de lana, cosa que el visitante entiende al ver las miles de ovejas que habitan las islas. De hecho, uno no se puede perder la visita a las Islas Feroe ya sea por su importancia\u00a0ambiental y ecol\u00f3gica, o por sus\u00a0espectaculares\u00a0paisajes de mar y de monta\u00f1a\u00a0que aparecen\u00a0totalmente diferentes en invierno que en verano. Las Islas Feroe son consideradas como uno de los ejemplos de turismo\u00a0de naturaleza sostenible\u00a0en todo el mundo, con\u00a0una gran cantidad de paisajes conservados y de naturaleza virgen.<\/p>\n<ul>\n<ul>\n<li><span style=\"text-decoration: underline;\"><span style=\"color: #0000ff; text-decoration: underline;\"><strong>Galer\u00eda de fotos de\u00a0<strong>las Islas Feroe<\/strong><br \/>\n<\/strong><\/span><\/span><\/li>\n<li><span style=\"text-decoration: underline;\"><span style=\"color: #0000ff; text-decoration: underline;\"><strong>V\u00eddeos de\u00a0<strong>las Islas Feroe<\/strong><\/strong><\/span><\/span><\/li>\n<\/ul>\n<\/ul>\n","protected":false},"excerpt":{"rendered":"<p>[ad] Viajar a las Islas Feroe Estudiar en las Islas Feroe Perfil del Pa\u00eds Cultura de\u00a0las Islas Feroe Arte Fero\u00e9s Historia de las Islas Feroe Gastronom\u00eda en las Islas Feroe Vivir en las Islas Feroe Las Islas Feroe componen un archip\u00edelago situado entre el Oceano Atl\u00e1ntico Norte y el Mar de Noruega, aproximadamente a la [&hellip;]<\/p>\n","protected":false},"author":1,"featured_media":0,"parent":0,"menu_order":0,"comment_status":"closed","ping_status":"closed","template":"","meta":{"footnotes":""},"class_list":["post-44","page","type-page","status-publish","hentry"],"_links":{"self":[{"href":"http:\/\/thenordiccountries.com\/es\/wp-json\/wp\/v2\/pages\/44","targetHints":{"allow":["GET"]}}],"collection":[{"href":"http:\/\/thenordiccountries.com\/es\/wp-json\/wp\/v2\/pages"}],"about":[{"href":"http:\/\/thenordiccountries.com\/es\/wp-json\/wp\/v2\/types\/page"}],"author":[{"embeddable":true,"href":"http:\/\/thenordiccountries.com\/es\/wp-json\/wp\/v2\/users\/1"}],"replies":[{"embeddable":true,"href":"http:\/\/thenordiccountries.com\/es\/wp-json\/wp\/v2\/comments?post=44"}],"version-history":[{"count":12,"href":"http:\/\/thenordiccountries.com\/es\/wp-json\/wp\/v2\/pages\/44\/revisions"}],"predecessor-version":[{"id":742,"href":"http:\/\/thenordiccountries.com\/es\/wp-json\/wp\/v2\/pages\/44\/revisions\/742"}],"wp:attachment":[{"href":"http:\/\/thenordiccountries.com\/es\/wp-json\/wp\/v2\/media?parent=44"}],"curies":[{"name":"wp","href":"https:\/\/api.w.org\/{rel}","templated":true}]}}

<p style="text-align: center;"><a href="http://thenordiccountries.com/wp-content/uploads/2011/12/TheNordicCountries.com-Faroe-Islands-Islas-Feroe-Îles-Féroé-.jpg">[ad]<img loading="lazy" decoding="async" class="aligncenter" title="TheNordicCountries.com Faroe Islands, Islas Feroe, Îles Féroé" src="http://thenordiccountries.com/wp-content/uploads/2011/12/TheNordicCountries.com-Faroe-Islands-Islas-Feroe-Îles-Féroé-.jpg" alt="" width="560" height="373" /></a></p>
<ul>
<ul>
<li><span style="text-decoration: underline; color: #0000ff;"><span style="text-decoration: underline;"><strong><a title="Viajar  a las Islas Feroe" href="http://thenordiccountries.com/es/viajar-a-las-islas-feroe/" target="_blank"><span style="color: #0000ff; text-decoration: underline;">Viajar a las Islas Feroe</span></a></strong></span></span></li>
<li><span style="text-decoration: underline;"><span style="color: #0000ff; text-decoration: underline;"><strong><a title="Estudiar en las Islas Feroe" href="http://thenordiccountries.com/es/estudiar-en-las-islas-feroe/" target="_blank"><span style="color: #0000ff; text-decoration: underline;">Estudiar en </span></a></strong><span style="text-decoration: underline;"><strong><strong><a title="Estudiar en las Islas Feroe" href="http://thenordiccountries.com/es/estudiar-en-las-islas-feroe/" target="_blank"><span style="color: #0000ff; text-decoration: underline;">las Islas Feroe</span></a></strong></strong></span></span><span style="color: #0000ff; text-decoration: underline;"><strong><br />
</strong></span></span></li>
<li><span style="text-decoration: underline;"><span style="color: #0000ff; text-decoration: underline;"><strong>Perfil del País</strong></span></span></li>
<li><span style="text-decoration: underline;"><span style="color: #0000ff; text-decoration: underline;"><strong>Cultura de <strong>las Islas Feroe</strong><br />
</strong></span></span></li>
<li><span style="text-decoration: underline;"><span style="color: #0000ff; text-decoration: underline;"><strong>Arte Feroés</strong></span></span></li>
<li><span style="text-decoration: underline;"><span style="color: #0000ff; text-decoration: underline;"><strong>Historia de <strong>las Islas Feroe</strong><br />
</strong></span></span></li>
<li><span style="text-decoration: underline;"><span style="color: #0000ff; text-decoration: underline;"><strong>Gastronomía en <strong>las Islas Feroe</strong><br />
</strong></span></span></li>
<li><span style="text-decoration: underline;"><span style="color: #0000ff; text-decoration: underline;"><strong>Vivir en <strong>las Islas Feroe</strong></strong></span></span></li>
</ul>
</ul>
<p><strong>Las Islas Feroe</strong> componen un archipíelago situado entre el Oceano Atlántico Norte y el Mar de Noruega, aproximadamente a la misma distancia de Islandia por el norte como de Escocia por el Sur. Este grupo de pequeñas islas es una región autónoma del Reino de Dinamarca con el derecho de auto-gobierno en todo los asuntos, salvo en la defensa militar, la justicia, la policía, la política exterior y la moneda.</p>
<p style="text-align: justify;">Las Islas Feroe consisten en 18 islas diferentes en un área que cubre en total unos 1400km2 y es una comunidad relativamente pequeña en cuanto a su población; tiene alrededor de 48.500 de habitantes. Las islas<br />
<a href="http://thenordiccountries.com/wp-content/uploads/2011/12/TheNordicCountries.com-Faroe-Islands-Islas-Feroe-Îles-Féroé-mapa.png"><img loading="lazy" decoding="async" class="alignright" title="TheNordicCountries.com Faroe Islands, Islas Feroe, Îles Féroé mapa" src="http://thenordiccountries.com/wp-content/uploads/2011/12/TheNordicCountries.com-Faroe-Islands-Islas-Feroe-Îles-Féroé-mapa-300x233.png" alt="" width="300" height="233" /></a> fueron habitadas por primera vez en el siglo VI por algunos ermitaños y monjes gaélicos en una misión Hiberno-escocesa, estableciéndose el antiguo idioma irlandés como la lengua principal de las islas. Entorno al año 850 los &#8216;norsemen&#8217; (los normandos del norte) encontraron las islas y se establecieron en ellas trayendo consigo su antiguo idioma escandinavo, que se desarrollaría en el lenguaje Feroés de hoy. El idioma Feroés tiene, por lo tanto, el mismo origen escandinavo- germánico como el sueco, noruego y el danés.</p>
<p style="text-align: justify;">[ad]</p>
<p style="text-align: justify;">Se dice que los Feroeses son gente tranquila y amable, y que reciben sus visitantes con gran generosidad. La mayoría de ellos se ganan la vida con la pesca, que es la principal actividad industrial de las Islas Feroe, dominando casi un 97% de la exportación. Los Feroeses son también hábiles manufactureros y mantienen una pequeña industria de lana, cosa que el visitante entiende al ver las miles de ovejas que habitan las islas. De hecho, uno no se puede perder la visita a las Islas Feroe ya sea por su importancia ambiental y ecológica, o por sus espectaculares paisajes de mar y de montaña que aparecen totalmente diferentes en invierno que en verano. Las Islas Feroe son consideradas como uno de los ejemplos de turismo de naturaleza sostenible en todo el mundo, con una gran cantidad de paisajes conservados y de naturaleza virgen.</p>
<ul>
<ul>
<li><span style="text-decoration: underline;"><span style="color: #0000ff; text-decoration: underline;"><strong>Galería de fotos de <strong>las Islas Feroe</strong><br />
</strong></span></span></li>
<li><span style="text-decoration: underline;"><span style="color: #0000ff; text-decoration: underline;"><strong>Vídeos de <strong>las Islas Feroe</strong></strong></span></span></li>
</ul>
</ul>

<p>[ad] Viajar a las Islas Feroe Estudiar en las Islas Feroe Perfil del País Cultura de las Islas Feroe Arte Feroés Historia de las Islas Feroe Gastronomía en las Islas Feroe Vivir en las Islas Feroe Las Islas Feroe componen un archipíelago situado entre el Oceano Atlántico Norte y el Mar de Noruega, aproximadamente a la [&hellip;]</p>
