{"id":53,"date":"2012-01-13T14:26:12","date_gmt":"2012-01-13T14:26:12","guid":{"rendered":"http:\/\/thenordiccountries.com\/es\/?page_id=53"},"modified":"2012-03-23T14:12:41","modified_gmt":"2012-03-23T14:12:41","slug":"cabo-norte","status":"publish","type":"page","link":"http:\/\/thenordiccountries.com\/es\/cabo-norte\/","title":{"rendered":"CABO NORTE"},"content":{"rendered":"<p style=\"text-align: center;\"><a href=\"http:\/\/thenordiccountries.com\/es\/wp-content\/uploads\/2012\/01\/TheNordicCountries.com-CABO-NORTE-NORTH-CAPE-CAP-NORD.jpg\">[ad]<img loading=\"lazy\" decoding=\"async\" class=\"aligncenter size-full wp-image-225\" title=\"TheNordicCountries.com CABO NORTE, NORTH CAPE, CAP NORD\" src=\"http:\/\/thenordiccountries.com\/es\/wp-content\/uploads\/2012\/01\/TheNordicCountries.com-CABO-NORTE-NORTH-CAPE-CAP-NORD.jpg\" alt=\"\" width=\"461\" height=\"346\" srcset=\"http:\/\/thenordiccountries.com\/es\/wp-content\/uploads\/2012\/01\/TheNordicCountries.com-CABO-NORTE-NORTH-CAPE-CAP-NORD.jpg 800w, http:\/\/thenordiccountries.com\/es\/wp-content\/uploads\/2012\/01\/TheNordicCountries.com-CABO-NORTE-NORTH-CAPE-CAP-NORD-300x225.jpg 300w, http:\/\/thenordiccountries.com\/es\/wp-content\/uploads\/2012\/01\/TheNordicCountries.com-CABO-NORTE-NORTH-CAPE-CAP-NORD-200x150.jpg 200w\" sizes=\"auto, (max-width: 461px) 100vw, 461px\" \/><\/a><\/p>\n<p>&nbsp;<\/p>\n<ul>\n<li><span style=\"text-decoration: underline;\"><span style=\"color: #0000ff; text-decoration: underline;\"><strong><a title=\"Viajar a Cabo Norte\" href=\"http:\/\/thenordiccountries.com\/es\/viajar-a-cabo-norte-como-llegar\/\" target=\"_blank\">Viajar a Cabo Norte<\/a><\/strong><\/span><\/span><\/li>\n<li><span style=\"text-decoration: underline;\"><span style=\"color: #0000ff; text-decoration: underline;\"><strong>Historia de\u00a0<strong><strong>Cabo Norte<\/strong><\/strong><br \/>\n<\/strong><\/span><\/span><\/li>\n<li><span style=\"text-decoration: underline;\"><span style=\"color: #0000ff; text-decoration: underline;\"><strong>Galer\u00eda de fotos de\u00a0<strong><strong>Cabo Norte<\/strong><\/strong><\/strong><\/span><\/span><\/li>\n<li><strong><span style=\"text-decoration: underline;\"><span style=\"color: #0000ff; text-decoration: underline;\">V\u00eddeos de\u00a0<\/span><\/span><strong><span style=\"text-decoration: underline;\"><span style=\"color: #0000ff; text-decoration: underline;\"><strong>Cabo Norte<\/strong><\/span><\/span><\/strong><\/strong><\/li>\n<\/ul>\n<p style=\"text-align: justify;\"><strong>El Cabo Norte<\/strong> es un promontorio en la isla noruega de <em>Mager\u00f8ya, <\/em>al norte de Noruega, cuyo acantilado de 307 de altura se considera como el punto m\u00e1s septentrional de Europa. Sin embargo, como el Cabo Norte se encuentra en una isla, el verdadero punto m\u00e1s septentrional de Europa ser\u00eda el cabo Nordkinn en la pen\u00ednsula escandinava.\u00a0Ambos cabos, que valen la pena visitar, se caracterizan por la belleza de sus enormes acantilados y<a href=\"http:\/\/thenordiccountries.com\/es\/wp-content\/uploads\/2012\/01\/TheNordicCountries.com-CABO-NORTE-NORTH-CAPE-CAP-NORD-mapa.png\"><img loading=\"lazy\" decoding=\"async\" class=\"alignright size-medium wp-image-226\" title=\"TheNordicCountries.com CABO NORTE, NORTH CAPE, CAP NORD mapa\" src=\"http:\/\/thenordiccountries.com\/es\/wp-content\/uploads\/2012\/01\/TheNordicCountries.com-CABO-NORTE-NORTH-CAPE-CAP-NORD-mapa-300x190.png\" alt=\"\" width=\"270\" height=\"171\" srcset=\"http:\/\/thenordiccountries.com\/es\/wp-content\/uploads\/2012\/01\/TheNordicCountries.com-CABO-NORTE-NORTH-CAPE-CAP-NORD-mapa-300x190.png 300w, http:\/\/thenordiccountries.com\/es\/wp-content\/uploads\/2012\/01\/TheNordicCountries.com-CABO-NORTE-NORTH-CAPE-CAP-NORD-mapa.png 800w\" sizes=\"auto, (max-width: 270px) 100vw, 270px\" \/><\/a> por su situaci\u00f3n simb\u00f3lica que indica el punto de terminaci\u00f3n de la tierra.<\/p>\n<p style=\"text-align: justify;\">El Cabo Norte de <em>Mager\u00f8ya <\/em>se considera geogr\u00e1ficamente como el l\u00edmite entre el Mar de Noruega y el Mar de Barents, es decir el l\u00edmite entre el Oc\u00e9ano Atl\u00e1ntico y el Oc\u00e9ano \u00c1rtico. El Cabo Norte es, de hecho una gran atracci\u00f3n tur\u00edstica con una infraestructura preparado para el turismo con exposiciones sobre los acontecimientos del lugar, como puede ser la batalla de Cabo Norte que tuvo lugar en el mar frente a este cabo en 1943.<\/p>\n<p style=\"text-align: justify;\">[ad]<\/p>\n<p style=\"text-align: justify;\">El Cabo Norte fue nombrado por el explorador Richard Chancellor que pas\u00f3 por \u00e9l en 1553. Hoy en d\u00eda es el comienzo de la ruta de bicicletas Eurovelo que atraviesa toda Europa terminando en Portugal.<\/p>\n<p>&nbsp;<\/p>\n","protected":false},"excerpt":{"rendered":"<p>[ad] &nbsp; Viajar a Cabo Norte Historia de\u00a0Cabo Norte Galer\u00eda de fotos de\u00a0Cabo Norte V\u00eddeos de\u00a0Cabo Norte El Cabo Norte es un promontorio en la isla noruega de Mager\u00f8ya, al norte de Noruega, cuyo acantilado de 307 de altura se considera como el punto m\u00e1s septentrional de Europa. Sin embargo, como el Cabo Norte se [&hellip;]<\/p>\n","protected":false},"author":1,"featured_media":225,"parent":0,"menu_order":0,"comment_status":"closed","ping_status":"closed","template":"","meta":{"footnotes":""},"class_list":["post-53","page","type-page","status-publish","has-post-thumbnail","hentry"],"_links":{"self":[{"href":"http:\/\/thenordiccountries.com\/es\/wp-json\/wp\/v2\/pages\/53","targetHints":{"allow":["GET"]}}],"collection":[{"href":"http:\/\/thenordiccountries.com\/es\/wp-json\/wp\/v2\/pages"}],"about":[{"href":"http:\/\/thenordiccountries.com\/es\/wp-json\/wp\/v2\/types\/page"}],"author":[{"embeddable":true,"href":"http:\/\/thenordiccountries.com\/es\/wp-json\/wp\/v2\/users\/1"}],"replies":[{"embeddable":true,"href":"http:\/\/thenordiccountries.com\/es\/wp-json\/wp\/v2\/comments?post=53"}],"version-history":[{"count":11,"href":"http:\/\/thenordiccountries.com\/es\/wp-json\/wp\/v2\/pages\/53\/revisions"}],"predecessor-version":[{"id":745,"href":"http:\/\/thenordiccountries.com\/es\/wp-json\/wp\/v2\/pages\/53\/revisions\/745"}],"wp:featuredmedia":[{"embeddable":true,"href":"http:\/\/thenordiccountries.com\/es\/wp-json\/wp\/v2\/media\/225"}],"wp:attachment":[{"href":"http:\/\/thenordiccountries.com\/es\/wp-json\/wp\/v2\/media?parent=53"}],"curies":[{"name":"wp","href":"https:\/\/api.w.org\/{rel}","templated":true}]}}

<p style="text-align: center;"><a href="http://thenordiccountries.com/es/wp-content/uploads/2012/01/TheNordicCountries.com-CABO-NORTE-NORTH-CAPE-CAP-NORD.jpg">[ad]<img loading="lazy" decoding="async" class="aligncenter size-full wp-image-225" title="TheNordicCountries.com CABO NORTE, NORTH CAPE, CAP NORD" src="http://thenordiccountries.com/es/wp-content/uploads/2012/01/TheNordicCountries.com-CABO-NORTE-NORTH-CAPE-CAP-NORD.jpg" alt="" width="461" height="346" srcset="http://thenordiccountries.com/es/wp-content/uploads/2012/01/TheNordicCountries.com-CABO-NORTE-NORTH-CAPE-CAP-NORD.jpg 800w, http://thenordiccountries.com/es/wp-content/uploads/2012/01/TheNordicCountries.com-CABO-NORTE-NORTH-CAPE-CAP-NORD-300x225.jpg 300w, http://thenordiccountries.com/es/wp-content/uploads/2012/01/TheNordicCountries.com-CABO-NORTE-NORTH-CAPE-CAP-NORD-200x150.jpg 200w" sizes="auto, (max-width: 461px) 100vw, 461px" /></a></p>
<p>&nbsp;</p>
<ul>
<li><span style="text-decoration: underline;"><span style="color: #0000ff; text-decoration: underline;"><strong><a title="Viajar a Cabo Norte" href="http://thenordiccountries.com/es/viajar-a-cabo-norte-como-llegar/" target="_blank">Viajar a Cabo Norte</a></strong></span></span></li>
<li><span style="text-decoration: underline;"><span style="color: #0000ff; text-decoration: underline;"><strong>Historia de <strong><strong>Cabo Norte</strong></strong><br />
</strong></span></span></li>
<li><span style="text-decoration: underline;"><span style="color: #0000ff; text-decoration: underline;"><strong>Galería de fotos de <strong><strong>Cabo Norte</strong></strong></strong></span></span></li>
<li><strong><span style="text-decoration: underline;"><span style="color: #0000ff; text-decoration: underline;">Vídeos de </span></span><strong><span style="text-decoration: underline;"><span style="color: #0000ff; text-decoration: underline;"><strong>Cabo Norte</strong></span></span></strong></strong></li>
</ul>
<p style="text-align: justify;"><strong>El Cabo Norte</strong> es un promontorio en la isla noruega de <em>Magerøya, </em>al norte de Noruega, cuyo acantilado de 307 de altura se considera como el punto más septentrional de Europa. Sin embargo, como el Cabo Norte se encuentra en una isla, el verdadero punto más septentrional de Europa sería el cabo Nordkinn en la península escandinava. Ambos cabos, que valen la pena visitar, se caracterizan por la belleza de sus enormes acantilados y<a href="http://thenordiccountries.com/es/wp-content/uploads/2012/01/TheNordicCountries.com-CABO-NORTE-NORTH-CAPE-CAP-NORD-mapa.png"><img loading="lazy" decoding="async" class="alignright size-medium wp-image-226" title="TheNordicCountries.com CABO NORTE, NORTH CAPE, CAP NORD mapa" src="http://thenordiccountries.com/es/wp-content/uploads/2012/01/TheNordicCountries.com-CABO-NORTE-NORTH-CAPE-CAP-NORD-mapa-300x190.png" alt="" width="270" height="171" srcset="http://thenordiccountries.com/es/wp-content/uploads/2012/01/TheNordicCountries.com-CABO-NORTE-NORTH-CAPE-CAP-NORD-mapa-300x190.png 300w, http://thenordiccountries.com/es/wp-content/uploads/2012/01/TheNordicCountries.com-CABO-NORTE-NORTH-CAPE-CAP-NORD-mapa.png 800w" sizes="auto, (max-width: 270px) 100vw, 270px" /></a> por su situación simbólica que indica el punto de terminación de la tierra.</p>
<p style="text-align: justify;">El Cabo Norte de <em>Magerøya </em>se considera geográficamente como el límite entre el Mar de Noruega y el Mar de Barents, es decir el límite entre el Océano Atlántico y el Océano Ártico. El Cabo Norte es, de hecho una gran atracción turística con una infraestructura preparado para el turismo con exposiciones sobre los acontecimientos del lugar, como puede ser la batalla de Cabo Norte que tuvo lugar en el mar frente a este cabo en 1943.</p>
<p style="text-align: justify;">[ad]</p>
<p style="text-align: justify;">El Cabo Norte fue nombrado por el explorador Richard Chancellor que pasó por él en 1553. Hoy en día es el comienzo de la ruta de bicicletas Eurovelo que atraviesa toda Europa terminando en Portugal.</p>
<p>&nbsp;</p>

<p>[ad] &nbsp; Viajar a Cabo Norte Historia de Cabo Norte Galería de fotos de Cabo Norte Vídeos de Cabo Norte El Cabo Norte es un promontorio en la isla noruega de Magerøya, al norte de Noruega, cuyo acantilado de 307 de altura se considera como el punto más septentrional de Europa. Sin embargo, como el Cabo Norte se [&hellip;]</p>
